{"id":3374,"date":"2021-08-26T17:43:16","date_gmt":"2021-08-26T17:43:16","guid":{"rendered":"https:\/\/amatitlan.gob.gt\/2020\/?page_id=3374"},"modified":"2021-12-02T10:59:47","modified_gmt":"2021-12-02T16:59:47","slug":"informacion-publica-de-oficio","status":"publish","type":"page","link":"https:\/\/amatitlan.gob.gt\/2020\/informacion-publica-de-oficio\/","title":{"rendered":"Informaci\u00f3n P\u00fablica de oficio"},"content":{"rendered":"\t\t<div data-elementor-type=\"wp-page\" data-elementor-id=\"3374\" class=\"elementor elementor-3374\" data-elementor-post-type=\"page\">\n\t\t\t\t\t\t<section class=\"elementor-section elementor-top-section elementor-element elementor-element-4460d7c elementor-section-boxed elementor-section-height-default elementor-section-height-default\" data-id=\"4460d7c\" data-element_type=\"section\">\n\t\t\t\t\t\t<div class=\"elementor-container elementor-column-gap-default\">\n\t\t\t\t\t<div class=\"elementor-column elementor-col-50 elementor-top-column elementor-element elementor-element-a8242b5\" data-id=\"a8242b5\" data-element_type=\"column\">\n\t\t\t<div class=\"elementor-widget-wrap elementor-element-populated\">\n\t\t\t\t\t\t<div class=\"elementor-element elementor-element-eb9ea0c elementor-widget elementor-widget-text-editor\" data-id=\"eb9ea0c\" data-element_type=\"widget\" data-widget_type=\"text-editor.default\">\n\t\t\t\t<div class=\"elementor-widget-container\">\n\t\t\t\t\t\t\t\t\t<figure class=\"wp-block-image size-large\"><img fetchpriority=\"high\" decoding=\"async\" width=\"1024\" height=\"580\" class=\"wp-image-963\" src=\"https:\/\/amatitlan.gob.gt\/2020\/wp-content\/uploads\/2020\/09\/Informacion-pubolica-1024x580.jpg\" alt=\"\" srcset=\"https:\/\/amatitlan.gob.gt\/2020\/wp-content\/uploads\/2020\/09\/Informacion-pubolica-1024x580.jpg 1024w, https:\/\/amatitlan.gob.gt\/2020\/wp-content\/uploads\/2020\/09\/Informacion-pubolica-300x170.jpg 300w, https:\/\/amatitlan.gob.gt\/2020\/wp-content\/uploads\/2020\/09\/Informacion-pubolica-768x435.jpg 768w, https:\/\/amatitlan.gob.gt\/2020\/wp-content\/uploads\/2020\/09\/Informacion-pubolica.jpg 1176w\" sizes=\"(max-width: 1024px) 100vw, 1024px\" \/><\/figure>\n<p><!-- \/wp:image --><!-- wp:paragraph --><\/p>\n<p>En cumplimiento a la Ley de Acceso a la Informaci\u00f3n P\u00fablica (Decreto 57-2008), la <strong>Municipalidad de Amatitl\u00e1n<\/strong>, departamento de Guatemala, pone a tu disposici\u00f3n este medio para facilitar el acceso a la informaci\u00f3n p\u00fablica de oficio, con el fin de garantizar la transparencia en el manejo y ejecuci\u00f3n de los recursos y actos de la administraci\u00f3n p\u00fablica.<\/p>\n<p><!-- \/wp:paragraph --><!-- wp:paragraph --><\/p>\n<p>Si la informaci\u00f3n que necesitas no se encuentra publicada en esta secci\u00f3n, puedes solicitarla utilizando el\u00a0formulario en l\u00ednea\u00a0o present\u00e1ndote personalmente a la Unidad de Informaci\u00f3n P\u00fablica ubicada en la Municipalidad, en donde se te proporcionar\u00e1 el formulario de solicitud correspondiente.<\/p>\n<p><!-- \/wp:paragraph --><!-- wp:paragraph --><\/p>\n<p>Estamos a tu servicio!<\/p>\n<p><!-- \/wp:paragraph --><!-- wp:paragraph --><\/p>\n<p>Unidad de Informaci\u00f3n P\u00fablica Municipal.<\/p>\n<h2><b>Disculpen los incoventienes, estamos en mantenimiento de la p\u00e1gina en breves momentos estaremos de regreso con la informaci\u00f3n<\/b><\/h2>\n<p><!-- \/wp:paragraph --><!-- wp:image {\"id\":964,\"sizeSlug\":\"large\"} --><\/p>\n<figure class=\"wp-block-image size-large\"><img decoding=\"async\" width=\"1024\" height=\"239\" class=\"wp-image-964\" src=\"https:\/\/amatitlan.gob.gt\/2020\/wp-content\/uploads\/2020\/09\/adf-1024x239.jpg\" alt=\"\" srcset=\"https:\/\/amatitlan.gob.gt\/2020\/wp-content\/uploads\/2020\/09\/adf-1024x239.jpg 1024w, https:\/\/amatitlan.gob.gt\/2020\/wp-content\/uploads\/2020\/09\/adf-300x70.jpg 300w, https:\/\/amatitlan.gob.gt\/2020\/wp-content\/uploads\/2020\/09\/adf-768x179.jpg 768w, https:\/\/amatitlan.gob.gt\/2020\/wp-content\/uploads\/2020\/09\/adf.jpg 1346w\" sizes=\"(max-width: 1024px) 100vw, 1024px\" \/><\/figure>\t\t\t\t\t\t\t\t<\/div>\n\t\t\t\t<\/div>\n\t\t\t\t\t<\/div>\n\t\t<\/div>\n\t\t\t\t<div class=\"elementor-column elementor-col-50 elementor-top-column elementor-element elementor-element-23632f9\" data-id=\"23632f9\" data-element_type=\"column\">\n\t\t\t<div class=\"elementor-widget-wrap elementor-element-populated\">\n\t\t\t\t\t\t\t<\/div>\n\t\t<\/div>\n\t\t\t\t\t<\/div>\n\t\t<\/section>\n\t\t\t\t<\/div>\n\t\t","protected":false},"excerpt":{"rendered":"<p>En cumplimiento a la Ley de Acceso a la Informaci\u00f3n P\u00fablica (Decreto 57-2008), la Municipalidad&#8230;<\/p>\n","protected":false},"author":6,"featured_media":0,"parent":0,"menu_order":0,"comment_status":"closed","ping_status":"closed","template":"","meta":{"disable_featured_image":false,"footnotes":""},"class_list":["post-3374","page","type-page","status-publish","hentry"],"yoast_head":"<!-- This site is optimized with the Yoast SEO plugin v24.5 - https:\/\/yoast.com\/wordpress\/plugins\/seo\/ -->\n<title>Informaci\u00f3n P\u00fablica de oficio - Municipalidad de Amatitl\u00e1n<\/title>\n<meta name=\"robots\" content=\"index, follow, max-snippet:-1, max-image-preview:large, max-video-preview:-1\" \/>\n<link rel=\"canonical\" href=\"https:\/\/amatitlan.gob.gt\/2020\/informacion-publica-de-oficio\/\" \/>\n<meta property=\"og:locale\" content=\"es_ES\" \/>\n<meta property=\"og:type\" content=\"article\" \/>\n<meta property=\"og:title\" content=\"Informaci\u00f3n P\u00fablica de oficio - Municipalidad de Amatitl\u00e1n\" \/>\n<meta property=\"og:description\" content=\"En cumplimiento a la Ley de Acceso a la Informaci\u00f3n P\u00fablica (Decreto 57-2008), la Municipalidad...\" \/>\n<meta property=\"og:url\" content=\"https:\/\/amatitlan.gob.gt\/2020\/informacion-publica-de-oficio\/\" \/>\n<meta property=\"og:site_name\" content=\"Municipalidad de Amatitl\u00e1n\" \/>\n<meta property=\"article:modified_time\" content=\"2021-12-02T16:59:47+00:00\" \/>\n<meta property=\"og:image\" content=\"https:\/\/amatitlan.gob.gt\/2020\/wp-content\/uploads\/2020\/09\/Informacion-pubolica-1024x580.jpg\" \/>\n<meta name=\"twitter:card\" content=\"summary_large_image\" \/>\n<meta name=\"twitter:label1\" content=\"Tiempo de lectura\" \/>\n\t<meta name=\"twitter:data1\" content=\"1 minuto\" \/>\n<script type=\"application\/ld+json\" class=\"yoast-schema-graph\">{\"@context\":\"https:\/\/schema.org\",\"@graph\":[{\"@type\":\"WebPage\",\"@id\":\"https:\/\/amatitlan.gob.gt\/2020\/informacion-publica-de-oficio\/\",\"url\":\"https:\/\/amatitlan.gob.gt\/2020\/informacion-publica-de-oficio\/\",\"name\":\"Informaci\u00f3n P\u00fablica de oficio - Municipalidad de Amatitl\u00e1n\",\"isPartOf\":{\"@id\":\"https:\/\/amatitlan.gob.gt\/2020\/#website\"},\"primaryImageOfPage\":{\"@id\":\"https:\/\/amatitlan.gob.gt\/2020\/informacion-publica-de-oficio\/#primaryimage\"},\"image\":{\"@id\":\"https:\/\/amatitlan.gob.gt\/2020\/informacion-publica-de-oficio\/#primaryimage\"},\"thumbnailUrl\":\"https:\/\/amatitlan.gob.gt\/2020\/wp-content\/uploads\/2020\/09\/Informacion-pubolica-1024x580.jpg\",\"datePublished\":\"2021-08-26T17:43:16+00:00\",\"dateModified\":\"2021-12-02T16:59:47+00:00\",\"breadcrumb\":{\"@id\":\"https:\/\/amatitlan.gob.gt\/2020\/informacion-publica-de-oficio\/#breadcrumb\"},\"inLanguage\":\"es\",\"potentialAction\":[{\"@type\":\"ReadAction\",\"target\":[\"https:\/\/amatitlan.gob.gt\/2020\/informacion-publica-de-oficio\/\"]}]},{\"@type\":\"ImageObject\",\"inLanguage\":\"es\",\"@id\":\"https:\/\/amatitlan.gob.gt\/2020\/informacion-publica-de-oficio\/#primaryimage\",\"url\":\"https:\/\/amatitlan.gob.gt\/2020\/wp-content\/uploads\/2020\/09\/Informacion-pubolica.jpg\",\"contentUrl\":\"https:\/\/amatitlan.gob.gt\/2020\/wp-content\/uploads\/2020\/09\/Informacion-pubolica.jpg\",\"width\":1176,\"height\":666},{\"@type\":\"BreadcrumbList\",\"@id\":\"https:\/\/amatitlan.gob.gt\/2020\/informacion-publica-de-oficio\/#breadcrumb\",\"itemListElement\":[{\"@type\":\"ListItem\",\"position\":1,\"name\":\"Portada\",\"item\":\"https:\/\/amatitlan.gob.gt\/2020\/\"},{\"@type\":\"ListItem\",\"position\":2,\"name\":\"Informaci\u00f3n P\u00fablica de oficio\"}]},{\"@type\":\"WebSite\",\"@id\":\"https:\/\/amatitlan.gob.gt\/2020\/#website\",\"url\":\"https:\/\/amatitlan.gob.gt\/2020\/\",\"name\":\"Municipalidad de Amatitl\u00e1n\",\"description\":\"Gobierno Municipal 2024-2028\",\"publisher\":{\"@id\":\"https:\/\/amatitlan.gob.gt\/2020\/#organization\"},\"potentialAction\":[{\"@type\":\"SearchAction\",\"target\":{\"@type\":\"EntryPoint\",\"urlTemplate\":\"https:\/\/amatitlan.gob.gt\/2020\/?s={search_term_string}\"},\"query-input\":{\"@type\":\"PropertyValueSpecification\",\"valueRequired\":true,\"valueName\":\"search_term_string\"}}],\"inLanguage\":\"es\"},{\"@type\":\"Organization\",\"@id\":\"https:\/\/amatitlan.gob.gt\/2020\/#organization\",\"name\":\"Municipalidad de Amatitl\u00e1n\",\"url\":\"https:\/\/amatitlan.gob.gt\/2020\/\",\"logo\":{\"@type\":\"ImageObject\",\"inLanguage\":\"es\",\"@id\":\"https:\/\/amatitlan.gob.gt\/2020\/#\/schema\/logo\/image\/\",\"url\":\"https:\/\/amatitlan.gob.gt\/2020\/wp-content\/uploads\/2024\/01\/cropped-Logo-Muni-2024.png\",\"contentUrl\":\"https:\/\/amatitlan.gob.gt\/2020\/wp-content\/uploads\/2024\/01\/cropped-Logo-Muni-2024.png\",\"width\":613,\"height\":343,\"caption\":\"Municipalidad de Amatitl\u00e1n\"},\"image\":{\"@id\":\"https:\/\/amatitlan.gob.gt\/2020\/#\/schema\/logo\/image\/\"}}]}<\/script>\n<!-- \/ Yoast SEO plugin. -->","yoast_head_json":{"title":"Informaci\u00f3n P\u00fablica de oficio - Municipalidad de Amatitl\u00e1n","robots":{"index":"index","follow":"follow","max-snippet":"max-snippet:-1","max-image-preview":"max-image-preview:large","max-video-preview":"max-video-preview:-1"},"canonical":"https:\/\/amatitlan.gob.gt\/2020\/informacion-publica-de-oficio\/","og_locale":"es_ES","og_type":"article","og_title":"Informaci\u00f3n P\u00fablica de oficio - Municipalidad de Amatitl\u00e1n","og_description":"En cumplimiento a la Ley de Acceso a la Informaci\u00f3n P\u00fablica (Decreto 57-2008), la Municipalidad...","og_url":"https:\/\/amatitlan.gob.gt\/2020\/informacion-publica-de-oficio\/","og_site_name":"Municipalidad de Amatitl\u00e1n","article_modified_time":"2021-12-02T16:59:47+00:00","og_image":[{"url":"https:\/\/amatitlan.gob.gt\/2020\/wp-content\/uploads\/2020\/09\/Informacion-pubolica-1024x580.jpg","type":"","width":"","height":""}],"twitter_card":"summary_large_image","twitter_misc":{"Tiempo de lectura":"1 minuto"},"schema":{"@context":"https:\/\/schema.org","@graph":[{"@type":"WebPage","@id":"https:\/\/amatitlan.gob.gt\/2020\/informacion-publica-de-oficio\/","url":"https:\/\/amatitlan.gob.gt\/2020\/informacion-publica-de-oficio\/","name":"Informaci\u00f3n P\u00fablica de oficio - Municipalidad de Amatitl\u00e1n","isPartOf":{"@id":"https:\/\/amatitlan.gob.gt\/2020\/#website"},"primaryImageOfPage":{"@id":"https:\/\/amatitlan.gob.gt\/2020\/informacion-publica-de-oficio\/#primaryimage"},"image":{"@id":"https:\/\/amatitlan.gob.gt\/2020\/informacion-publica-de-oficio\/#primaryimage"},"thumbnailUrl":"https:\/\/amatitlan.gob.gt\/2020\/wp-content\/uploads\/2020\/09\/Informacion-pubolica-1024x580.jpg","datePublished":"2021-08-26T17:43:16+00:00","dateModified":"2021-12-02T16:59:47+00:00","breadcrumb":{"@id":"https:\/\/amatitlan.gob.gt\/2020\/informacion-publica-de-oficio\/#breadcrumb"},"inLanguage":"es","potentialAction":[{"@type":"ReadAction","target":["https:\/\/amatitlan.gob.gt\/2020\/informacion-publica-de-oficio\/"]}]},{"@type":"ImageObject","inLanguage":"es","@id":"https:\/\/amatitlan.gob.gt\/2020\/informacion-publica-de-oficio\/#primaryimage","url":"https:\/\/amatitlan.gob.gt\/2020\/wp-content\/uploads\/2020\/09\/Informacion-pubolica.jpg","contentUrl":"https:\/\/amatitlan.gob.gt\/2020\/wp-content\/uploads\/2020\/09\/Informacion-pubolica.jpg","width":1176,"height":666},{"@type":"BreadcrumbList","@id":"https:\/\/amatitlan.gob.gt\/2020\/informacion-publica-de-oficio\/#breadcrumb","itemListElement":[{"@type":"ListItem","position":1,"name":"Portada","item":"https:\/\/amatitlan.gob.gt\/2020\/"},{"@type":"ListItem","position":2,"name":"Informaci\u00f3n P\u00fablica de oficio"}]},{"@type":"WebSite","@id":"https:\/\/amatitlan.gob.gt\/2020\/#website","url":"https:\/\/amatitlan.gob.gt\/2020\/","name":"Municipalidad de Amatitl\u00e1n","description":"Gobierno Municipal 2024-2028","publisher":{"@id":"https:\/\/amatitlan.gob.gt\/2020\/#organization"},"potentialAction":[{"@type":"SearchAction","target":{"@type":"EntryPoint","urlTemplate":"https:\/\/amatitlan.gob.gt\/2020\/?s={search_term_string}"},"query-input":{"@type":"PropertyValueSpecification","valueRequired":true,"valueName":"search_term_string"}}],"inLanguage":"es"},{"@type":"Organization","@id":"https:\/\/amatitlan.gob.gt\/2020\/#organization","name":"Municipalidad de Amatitl\u00e1n","url":"https:\/\/amatitlan.gob.gt\/2020\/","logo":{"@type":"ImageObject","inLanguage":"es","@id":"https:\/\/amatitlan.gob.gt\/2020\/#\/schema\/logo\/image\/","url":"https:\/\/amatitlan.gob.gt\/2020\/wp-content\/uploads\/2024\/01\/cropped-Logo-Muni-2024.png","contentUrl":"https:\/\/amatitlan.gob.gt\/2020\/wp-content\/uploads\/2024\/01\/cropped-Logo-Muni-2024.png","width":613,"height":343,"caption":"Municipalidad de Amatitl\u00e1n"},"image":{"@id":"https:\/\/amatitlan.gob.gt\/2020\/#\/schema\/logo\/image\/"}}]}},"amp_enabled":true,"_links":{"self":[{"href":"https:\/\/amatitlan.gob.gt\/2020\/wp-json\/wp\/v2\/pages\/3374","targetHints":{"allow":["GET"]}}],"collection":[{"href":"https:\/\/amatitlan.gob.gt\/2020\/wp-json\/wp\/v2\/pages"}],"about":[{"href":"https:\/\/amatitlan.gob.gt\/2020\/wp-json\/wp\/v2\/types\/page"}],"author":[{"embeddable":true,"href":"https:\/\/amatitlan.gob.gt\/2020\/wp-json\/wp\/v2\/users\/6"}],"replies":[{"embeddable":true,"href":"https:\/\/amatitlan.gob.gt\/2020\/wp-json\/wp\/v2\/comments?post=3374"}],"version-history":[{"count":14,"href":"https:\/\/amatitlan.gob.gt\/2020\/wp-json\/wp\/v2\/pages\/3374\/revisions"}],"predecessor-version":[{"id":3786,"href":"https:\/\/amatitlan.gob.gt\/2020\/wp-json\/wp\/v2\/pages\/3374\/revisions\/3786"}],"wp:attachment":[{"href":"https:\/\/amatitlan.gob.gt\/2020\/wp-json\/wp\/v2\/media?parent=3374"}],"curies":[{"name":"wp","href":"https:\/\/api.w.org\/{rel}","templated":true}]}}