{"id":1037,"date":"2020-10-03T00:15:20","date_gmt":"2020-10-03T00:15:20","guid":{"rendered":"https:\/\/amatitlan.gob.gt\/2020\/?page_id=1037"},"modified":"2024-11-22T09:08:26","modified_gmt":"2024-11-22T15:08:26","slug":"informacion-publica-comude","status":"publish","type":"page","link":"https:\/\/amatitlan.gob.gt\/2020\/informacion-publica-comude\/","title":{"rendered":"Informaci\u00f3n P\u00fablica COMUDE"},"content":{"rendered":"\t\t<div data-elementor-type=\"wp-page\" data-elementor-id=\"1037\" class=\"elementor elementor-1037\" data-elementor-post-type=\"page\">\n\t\t\t\t\t\t<section class=\"elementor-section elementor-top-section elementor-element elementor-element-492032ed elementor-section-boxed elementor-section-height-default elementor-section-height-default\" data-id=\"492032ed\" data-element_type=\"section\">\n\t\t\t\t\t\t<div class=\"elementor-container elementor-column-gap-default\">\n\t\t\t\t\t<div class=\"elementor-column elementor-col-100 elementor-top-column elementor-element elementor-element-356ca622\" data-id=\"356ca622\" data-element_type=\"column\">\n\t\t\t<div class=\"elementor-widget-wrap elementor-element-populated\">\n\t\t\t\t\t\t<div class=\"elementor-element elementor-element-4e9286f7 elementor-widget elementor-widget-text-editor\" data-id=\"4e9286f7\" data-element_type=\"widget\" data-widget_type=\"text-editor.default\">\n\t\t\t\t<div class=\"elementor-widget-container\">\n\t\t\t\t\t\t\t\t\t\n<h2 class=\"wp-block-heading\">Funciones del COMUDE<\/h2>\n\n<p>El Art\u00edculo 12 de la Ley de los Consejos de Desarrollo Urbano y Rural le asigna 13 funciones al COMUDE, entre las cuales se encuentran las siguientes:<\/p>\n\n<ol class=\"wp-block-list\">\n<li>Promover, facilitar y apoyar el funcionamiento de los COCODE del municipio.<\/li>\n<li>Garantizar que las pol\u00edticas, planes, programas y proyectos de desarrollo del municipio sean formulados con base en las necesidades, problemas y soluciones priorizadas por los COCODE y enviarlos a la Corporaci\u00f3n Municipal para su incorporaci\u00f3n en las pol\u00edticas, planes, programas y proyectos de desarrollo del departamento.<\/li>\n<li>Dar seguimiento y evaluar la ejecuci\u00f3n de las pol\u00edticas, planes, programas y proyectos de desarrollo y, cuando sea oportuno, proponer a la Corporaci\u00f3n Municipal o al Consejo Departamental de Desarrollo las medidas correctivas.<\/li>\n<li>Proponer a la Corporaci\u00f3n Municipal la asignaci\u00f3n de recursos de preinversi\u00f3n y de inversi\u00f3n p\u00fablica, con base en las disponibilidades financieras y las necesidades, problemas y soluciones priorizadas en los COCODE del municipio.<\/li>\n<li>Reportar a las autoridades municipales o departamentales que corresponda, el desempe\u00f1o de los funcionarios p\u00fablicos con responsabilidad sectorial en el municipio.<\/li>\n<\/ol>\n\n<p>Los COMUDE deben reunirse no menos de 12 veces al a\u00f1o (Art\u00edculo 16 de la Ley de los Consejos de Desarrollo Urbano y Rural).<\/p>\n\n<h2 class=\"wp-block-heading\">Qui\u00e9nes integran el COMUDE<\/h2>\n\n<p>Conforma el nivel municipal del Sistema de Consejos de Desarrollo.\u00a0 Denominado abreviadamente COMUDE, funciona uno en cada municipio y se integra por el alcalde municipal, quien lo coordina; los s\u00edndicos y concejales que determine la Corporaci\u00f3n Municipal;\u00a0 los representantes de los COCODE, hasta un m\u00e1ximo de 20, designados por los coordinadores de los COCODE; los representantes de las entidades p\u00fablicas con presencia en el municipio; y los representantes de entidades civiles locales que sean convocados -se entiende que por la Corporaci\u00f3n Municipal- (Art\u00edculo 12 de la Ley de los Consejos de Desarrollo Urbano y Rural).<\/p>\n<p>\u00a0<\/p>\n<p>\u00a0<\/p>\n\t\t\t\t\t\t\t\t<\/div>\n\t\t\t\t<\/div>\n\t\t\t\t<div class=\"elementor-element elementor-element-e66ab3f elementor-widget elementor-widget-wpfd_choose_category\" data-id=\"e66ab3f\" data-element_type=\"widget\" data-widget_type=\"wpfd_choose_category.default\">\n\t\t\t\t<div class=\"elementor-widget-container\">\n\t\t\t\t\t<div id=\"wpfd-elementor-category\" class=\"wpfd-elementor-category\"><script type=\"text\/x-handlebars-template\"        id=\"wpfd-template-table-categories-246\">    <div class=\"wpfd-categories \">{{#if category}}{{#with category}}<h2>{{name}}<\/h2>{{#if parent}}<a class=\"catlink backcategory\" href=\"#\" data-idcat=\"{{parent}}\">                        <i class=\"zmdi zmdi-chevron-left\"><\/i><span>Atr\u00e1s<\/span><\/a>{{\/if}}{{\/with}}{{\/if}}{{#if category.desc}}<div class=\"wpfd-category-desc\">{{category.desc}}<\/div>{{\/if}}{{#if categories}}{{#each categories}}<a class=\"wpfdcategory catlink \" style=\"margin : 10px 10px 10px 10px;\" href=\"#\" data-idcat=\"{{termID}}\" title=\"{{name}}\">                                <span>{{name}}<\/span><i class=\"zmdi zmdi-folder wpfd-folder\" style=\"color: {{color}}\"><\/i>                            <\/a>{{\/each}}{{\/if}}<div class=\"wpfdcategory_placeholder\" style=\"margin : 0 10px 0 10px;\"><\/div><div class=\"wpfdcategory_placeholder\" style=\"margin : 0 10px 0 10px;\"><\/div><div class=\"wpfdcategory_placeholder\" style=\"margin : 0 10px 0 10px;\"><\/div><\/div><\/script><script type=\"text\/x-handlebars-template\" id=\"wpfd-template-table-246\">    {{#if files}}    {{#each files}}    <tr class=\"file {{class}} {{ext}}\" data-id=\"{{ID}}\" data-catid=\"{{catid}}\">        <input type=\"hidden\" class=\"wpfd_file_preview_link_download\" value=\"{{linkdownload}}\" data-filetitle=\"{{post_title}}\" data-fileicons=\"ext ext-{{ext}} wpfd-icon-set-svg\" \/>    <td class=\"file_title\"><label class=\"wpfd_checkbox\"><input class=\"cbox_file_download\" type=\"checkbox\" data-id=\"{{ID}}\" \/><span><\/span><\/label><a class=\"wpfd_downloadlink\" href=\"{{linkdownload}}\"  title=\"{{post_title}}\" target=\"{{#if remote_file}}_blank{{\/if}}\"><span class=\"extcol\">{{#if file_custom_icon}}<span class=\"icon-custom\"><img decoding=\"async\" src=\"{{file_custom_icon}}\"><\/span>{{else}}<span class=\"ext ext-{{ext}} wpfd-icon-set-svg\"><\/span>{{\/if}}<\/span><span class=\"wpfd-file-crop-title\">{{{crop_title}}}<\/span><\/a><\/td><td class=\"file_size\">{{bytesToSize size}}<\/td><td class=\"file_created\">{{created}}<\/td>                    <td class=\"col-download\">                <a class=\"downloadlink wpfd_downloadlink\"  href=\"{{linkdownload}}\"  style=\"background-color:#76bc58;color:#ffffff;\" target=\"{{#if remote_file}}_blank{{\/if}}\">Descargar<i class=\"zmdi zmdi-cloud-download wpfd-download\"><\/i><\/a>{{#if openpdflink}}<a class=\"openlink wpfdlightbox wpfd_previewlink\" href=\"{{openpdflink}}\"  target=\"\">Vista previa                            <i class=\"zmdi zmdi-filter-center-focus wpfd-preview\"><\/i>                        <\/a>{{else}}{{#if viewerlink}}<a                            href=\"{{viewerlink}}\"                                                        class=\"openlink wpfdlightbox wpfd_previewlink\"                            target=\"\"                            data-id=\"{{ID}}\"                            data-catid=\"{{catid}}\"                            data-file-type=\"{{ext}}\">Vista previa<i class=\"zmdi zmdi-filter-center-focus wpfd-preview\"><\/i>                        <\/a>{{\/if}}{{\/if}}            <\/td>            <\/tr>    {{\/each}}    {{\/if}}<\/script><div class=\"wpfd-content wpfd-content-table wpfd-content-multi colstyle\" data-category=\"246\"              style=\"background-color: transparent;\"><input type=\"hidden\" id=\"current_category_246\" value=\"246\" \/>                    <input type=\"hidden\" id=\"current_category_slug_246\" value=\"comude\" \/>                    <input type=\"hidden\" id=\"current_ordering_246\" value=\"title\" \/>                    <input type=\"hidden\" id=\"current_ordering_direction_246\" value=\"desc\" \/>                    <input type=\"hidden\" id=\"page_limit_246\" value=\"100\" \/><input type=\"hidden\" id=\"wpfd_display_empty_category_message\" value=\"1\" \/><input type=\"hidden\" id=\"wpfd_empty_category_message_val\" value=\"Esta carpeta por ahora est\u00e1 vac\u00eda\" \/><input type=\"hidden\" id=\"wpfd_display_empty_folder\" value=\"1\" \/><input type=\"hidden\" id=\"wpfd_is_empty_subcategories\" value=\"1\" \/><input type=\"hidden\" id=\"wpfd_is_empty_files\" value=\"1\" \/><input type=\"hidden\" id=\"wpfd_root_category_id\" class=\"wpfd_root_category_id\" value=\"246\" \/><input type=\"hidden\" id=\"wpfd_root_category_theme\" class=\"wpfd_root_category_theme\" value=\"table\" \/><input type=\"hidden\" id=\"wpfd_root_category_clone_theme_type\" class=\"wpfd_root_category_clone_theme_type\" value=\"none\" \/><input type=\"hidden\" id=\"wpfd_root_category_type\" class=\"wpfd_root_category_type\" value=\"246\" \/><div class=\"wpfd-container show_category_title show_subcategories\">        <div class=\"wpfd-open-tree\"><\/div>    <div class=\"wpfd-container-table   wpfd-table-hidden\">        <div class=\"wpfd-categories \"><h2 class=\"wpfd-category-theme-title\">COMUDE<\/h2><div class=\"wpfd-category-desc\"><\/div><a class=\"wpfdcategory catlink\" style=\"margin : 10px 10px 10px 10px;\" href=\"#\"                                   data-idcat=\"247\"                                   title=\"01. ESTRUCTURA ORG\u00c1NICA\">                                    <span>01. ESTRUCTURA ORG\u00c1NICA<\/span>                                    <i class=\"zmdi zmdi-folder wpfd-folder\" style=\"color: \"><\/i>                                <\/a><a class=\"wpfdcategory catlink\" style=\"margin : 10px 10px 10px 10px;\" href=\"#\"                                   data-idcat=\"745\"                                   title=\"FUNCIONES DE LAS DEPENDENCIAS\">                                    <span>FUNCIONES DE LAS DEPENDENCIAS<\/span>                                    <i class=\"zmdi zmdi-folder wpfd-folder\" style=\"color: \"><\/i>                                <\/a><a class=\"wpfdcategory catlink\" style=\"margin : 10px 10px 10px 10px;\" href=\"#\"                                   data-idcat=\"746\"                                   title=\"MARCO NORMATIVO\">                                    <span>MARCO NORMATIVO<\/span>                                    <i class=\"zmdi zmdi-folder wpfd-folder\" style=\"color: \"><\/i>                                <\/a><a class=\"wpfdcategory catlink\" style=\"margin : 10px 10px 10px 10px;\" href=\"#\"                                   data-idcat=\"250\"                                   title=\"02. DIRECTORIO DE LA ENTIDAD\">                                    <span>02. DIRECTORIO DE LA ENTIDAD<\/span>                                    <i class=\"zmdi zmdi-folder wpfd-folder\" style=\"color: \"><\/i>                                <\/a><a class=\"wpfdcategory catlink\" style=\"margin : 10px 10px 10px 10px;\" href=\"#\"                                   data-idcat=\"677\"                                   title=\"03. DIRECTORIO DE INTEGRANTES\">                                    <span>03. DIRECTORIO DE INTEGRANTES<\/span>                                    <i class=\"zmdi zmdi-folder wpfd-folder\" style=\"color: \"><\/i>                                <\/a><a class=\"wpfdcategory catlink\" style=\"margin : 10px 10px 10px 10px;\" href=\"#\"                                   data-idcat=\"687\"                                   title=\"05. MISI\u00d3N\">                                    <span>05. MISI\u00d3N<\/span>                                    <i class=\"zmdi zmdi-folder wpfd-folder\" style=\"color: \"><\/i>                                <\/a><a class=\"wpfdcategory catlink\" style=\"margin : 10px 10px 10px 10px;\" href=\"#\"                                   data-idcat=\"691\"                                   title=\"05a OBJETIVOS\">                                    <span>05a OBJETIVOS<\/span>                                    <i class=\"zmdi zmdi-folder wpfd-folder\" style=\"color: \"><\/i>                                <\/a><a class=\"wpfdcategory catlink\" style=\"margin : 10px 10px 10px 10px;\" href=\"#\"                                   data-idcat=\"692\"                                   title=\"05b POA\">                                    <span>05b POA<\/span>                                    <i class=\"zmdi zmdi-folder wpfd-folder\" style=\"color: \"><\/i>                                <\/a><a class=\"wpfdcategory catlink\" style=\"margin : 10px 10px 10px 10px;\" href=\"#\"                                   data-idcat=\"770\"                                   title=\"05c. RESULTADOS POA\">                                    <span>05c. RESULTADOS POA<\/span>                                    <i class=\"zmdi zmdi-folder wpfd-folder\" style=\"color: \"><\/i>                                <\/a><a class=\"wpfdcategory catlink\" style=\"margin : 10px 10px 10px 10px;\" href=\"#\"                                   data-idcat=\"693\"                                   title=\"06. MANUALES\">                                    <span>06. MANUALES<\/span>                                    <i class=\"zmdi zmdi-folder wpfd-folder\" style=\"color: \"><\/i>                                <\/a><a class=\"wpfdcategory catlink\" style=\"margin : 10px 10px 10px 10px;\" href=\"#\"                                   data-idcat=\"701\"                                   title=\"27. INFORMACI\u00d3N CLASIFICADA\">                                    <span>27. INFORMACI\u00d3N CLASIFICADA<\/span>                                    <i class=\"zmdi zmdi-folder wpfd-folder\" style=\"color: \"><\/i>                                <\/a><a class=\"wpfdcategory catlink\" style=\"margin : 10px 10px 10px 10px;\" href=\"#\"                                   data-idcat=\"764\"                                   title=\"28.PERTENENCIA SOCIOLING\u00dcISTICA\">                                    <span>28.PERTENENCIA SOCIOLING\u00dcISTICA<\/span>                                    <i class=\"zmdi zmdi-folder wpfd-folder\" style=\"color: \"><\/i>                                <\/a><a class=\"wpfdcategory catlink\" style=\"margin : 10px 10px 10px 10px;\" href=\"#\"                                   data-idcat=\"695\"                                   title=\"29. OTRA INFORMACI\u00d3N\">                                    <span>29. OTRA INFORMACI\u00d3N<\/span>                                    <i class=\"zmdi zmdi-folder wpfd-folder\" style=\"color: \"><\/i>                                <\/a><div class=\"wpfdcategory_placeholder\" style=\"margin : 0 10px 0 10px;\"><\/div><div class=\"wpfdcategory_placeholder\" style=\"margin : 0 10px 0 10px;\"><\/div><div class=\"wpfdcategory_placeholder\" style=\"margin : 0 10px 0 10px;\"><\/div><input type=\"hidden\" id=\"wpfd_subcategories_hover_color\" class=\"wpfd_subcategories_hover_color\" value=\"\" \/><\/div>        <table class=\"wpfd-search-result wpfd-table wpfd-table-bordered wpfd-table-striped wpfd-table-0 mediaTable wpfd-theme-rows\">            <thead>                <tr>                    <th class=\"essential persist file_title\">T\u00edtulo<\/th><th class=\"optional file_size\">Tama\u00f1o<\/th><th class=\"optional file_created\">Publicaci\u00f3n<\/th><th class=\"essential file_download file_download_tbl\">Descargar<\/th>                <\/tr>            <\/thead>            <tbody>                        <\/tbody>        <\/table>            <\/div><\/div><\/div><\/div>\t\t\t\t<\/div>\n\t\t\t\t<\/div>\n\t\t\t\t\t<\/div>\n\t\t<\/div>\n\t\t\t\t\t<\/div>\n\t\t<\/section>\n\t\t\t\t<\/div>\n\t\t","protected":false},"excerpt":{"rendered":"<p>Funciones del COMUDE El Art\u00edculo 12 de la Ley de los Consejos de Desarrollo Urbano&#8230;<\/p>\n","protected":false},"author":3,"featured_media":0,"parent":0,"menu_order":0,"comment_status":"closed","ping_status":"closed","template":"","meta":{"disable_featured_image":false,"footnotes":""},"class_list":["post-1037","page","type-page","status-publish","hentry"],"yoast_head":"<!-- This site is optimized with the Yoast SEO plugin v24.5 - https:\/\/yoast.com\/wordpress\/plugins\/seo\/ -->\n<title>Informaci\u00f3n P\u00fablica COMUDE - Municipalidad de Amatitl\u00e1n<\/title>\n<meta name=\"robots\" content=\"index, follow, max-snippet:-1, max-image-preview:large, max-video-preview:-1\" \/>\n<link rel=\"canonical\" href=\"https:\/\/amatitlan.gob.gt\/2020\/informacion-publica-comude\/\" \/>\n<meta property=\"og:locale\" content=\"es_ES\" \/>\n<meta property=\"og:type\" content=\"article\" \/>\n<meta property=\"og:title\" content=\"Informaci\u00f3n P\u00fablica COMUDE - Municipalidad de Amatitl\u00e1n\" \/>\n<meta property=\"og:description\" content=\"Funciones del COMUDE El Art\u00edculo 12 de la Ley de los Consejos de Desarrollo Urbano...\" \/>\n<meta property=\"og:url\" content=\"https:\/\/amatitlan.gob.gt\/2020\/informacion-publica-comude\/\" \/>\n<meta property=\"og:site_name\" content=\"Municipalidad de Amatitl\u00e1n\" \/>\n<meta property=\"article:modified_time\" content=\"2024-11-22T15:08:26+00:00\" \/>\n<meta name=\"twitter:card\" content=\"summary_large_image\" \/>\n<meta name=\"twitter:label1\" content=\"Tiempo de lectura\" \/>\n\t<meta name=\"twitter:data1\" content=\"2 minutos\" \/>\n<script type=\"application\/ld+json\" class=\"yoast-schema-graph\">{\"@context\":\"https:\/\/schema.org\",\"@graph\":[{\"@type\":\"WebPage\",\"@id\":\"https:\/\/amatitlan.gob.gt\/2020\/informacion-publica-comude\/\",\"url\":\"https:\/\/amatitlan.gob.gt\/2020\/informacion-publica-comude\/\",\"name\":\"Informaci\u00f3n P\u00fablica COMUDE - Municipalidad de Amatitl\u00e1n\",\"isPartOf\":{\"@id\":\"https:\/\/amatitlan.gob.gt\/2020\/#website\"},\"datePublished\":\"2020-10-03T00:15:20+00:00\",\"dateModified\":\"2024-11-22T15:08:26+00:00\",\"breadcrumb\":{\"@id\":\"https:\/\/amatitlan.gob.gt\/2020\/informacion-publica-comude\/#breadcrumb\"},\"inLanguage\":\"es\",\"potentialAction\":[{\"@type\":\"ReadAction\",\"target\":[\"https:\/\/amatitlan.gob.gt\/2020\/informacion-publica-comude\/\"]}]},{\"@type\":\"BreadcrumbList\",\"@id\":\"https:\/\/amatitlan.gob.gt\/2020\/informacion-publica-comude\/#breadcrumb\",\"itemListElement\":[{\"@type\":\"ListItem\",\"position\":1,\"name\":\"Portada\",\"item\":\"https:\/\/amatitlan.gob.gt\/2020\/\"},{\"@type\":\"ListItem\",\"position\":2,\"name\":\"Informaci\u00f3n P\u00fablica COMUDE\"}]},{\"@type\":\"WebSite\",\"@id\":\"https:\/\/amatitlan.gob.gt\/2020\/#website\",\"url\":\"https:\/\/amatitlan.gob.gt\/2020\/\",\"name\":\"Municipalidad de Amatitl\u00e1n\",\"description\":\"Gobierno Municipal 2024-2028\",\"publisher\":{\"@id\":\"https:\/\/amatitlan.gob.gt\/2020\/#organization\"},\"potentialAction\":[{\"@type\":\"SearchAction\",\"target\":{\"@type\":\"EntryPoint\",\"urlTemplate\":\"https:\/\/amatitlan.gob.gt\/2020\/?s={search_term_string}\"},\"query-input\":{\"@type\":\"PropertyValueSpecification\",\"valueRequired\":true,\"valueName\":\"search_term_string\"}}],\"inLanguage\":\"es\"},{\"@type\":\"Organization\",\"@id\":\"https:\/\/amatitlan.gob.gt\/2020\/#organization\",\"name\":\"Municipalidad de Amatitl\u00e1n\",\"url\":\"https:\/\/amatitlan.gob.gt\/2020\/\",\"logo\":{\"@type\":\"ImageObject\",\"inLanguage\":\"es\",\"@id\":\"https:\/\/amatitlan.gob.gt\/2020\/#\/schema\/logo\/image\/\",\"url\":\"https:\/\/amatitlan.gob.gt\/2020\/wp-content\/uploads\/2024\/01\/cropped-Logo-Muni-2024.png\",\"contentUrl\":\"https:\/\/amatitlan.gob.gt\/2020\/wp-content\/uploads\/2024\/01\/cropped-Logo-Muni-2024.png\",\"width\":613,\"height\":343,\"caption\":\"Municipalidad de Amatitl\u00e1n\"},\"image\":{\"@id\":\"https:\/\/amatitlan.gob.gt\/2020\/#\/schema\/logo\/image\/\"}}]}<\/script>\n<!-- \/ Yoast SEO plugin. -->","yoast_head_json":{"title":"Informaci\u00f3n P\u00fablica COMUDE - Municipalidad de Amatitl\u00e1n","robots":{"index":"index","follow":"follow","max-snippet":"max-snippet:-1","max-image-preview":"max-image-preview:large","max-video-preview":"max-video-preview:-1"},"canonical":"https:\/\/amatitlan.gob.gt\/2020\/informacion-publica-comude\/","og_locale":"es_ES","og_type":"article","og_title":"Informaci\u00f3n P\u00fablica COMUDE - Municipalidad de Amatitl\u00e1n","og_description":"Funciones del COMUDE El Art\u00edculo 12 de la Ley de los Consejos de Desarrollo Urbano...","og_url":"https:\/\/amatitlan.gob.gt\/2020\/informacion-publica-comude\/","og_site_name":"Municipalidad de Amatitl\u00e1n","article_modified_time":"2024-11-22T15:08:26+00:00","twitter_card":"summary_large_image","twitter_misc":{"Tiempo de lectura":"2 minutos"},"schema":{"@context":"https:\/\/schema.org","@graph":[{"@type":"WebPage","@id":"https:\/\/amatitlan.gob.gt\/2020\/informacion-publica-comude\/","url":"https:\/\/amatitlan.gob.gt\/2020\/informacion-publica-comude\/","name":"Informaci\u00f3n P\u00fablica COMUDE - Municipalidad de Amatitl\u00e1n","isPartOf":{"@id":"https:\/\/amatitlan.gob.gt\/2020\/#website"},"datePublished":"2020-10-03T00:15:20+00:00","dateModified":"2024-11-22T15:08:26+00:00","breadcrumb":{"@id":"https:\/\/amatitlan.gob.gt\/2020\/informacion-publica-comude\/#breadcrumb"},"inLanguage":"es","potentialAction":[{"@type":"ReadAction","target":["https:\/\/amatitlan.gob.gt\/2020\/informacion-publica-comude\/"]}]},{"@type":"BreadcrumbList","@id":"https:\/\/amatitlan.gob.gt\/2020\/informacion-publica-comude\/#breadcrumb","itemListElement":[{"@type":"ListItem","position":1,"name":"Portada","item":"https:\/\/amatitlan.gob.gt\/2020\/"},{"@type":"ListItem","position":2,"name":"Informaci\u00f3n P\u00fablica COMUDE"}]},{"@type":"WebSite","@id":"https:\/\/amatitlan.gob.gt\/2020\/#website","url":"https:\/\/amatitlan.gob.gt\/2020\/","name":"Municipalidad de Amatitl\u00e1n","description":"Gobierno Municipal 2024-2028","publisher":{"@id":"https:\/\/amatitlan.gob.gt\/2020\/#organization"},"potentialAction":[{"@type":"SearchAction","target":{"@type":"EntryPoint","urlTemplate":"https:\/\/amatitlan.gob.gt\/2020\/?s={search_term_string}"},"query-input":{"@type":"PropertyValueSpecification","valueRequired":true,"valueName":"search_term_string"}}],"inLanguage":"es"},{"@type":"Organization","@id":"https:\/\/amatitlan.gob.gt\/2020\/#organization","name":"Municipalidad de Amatitl\u00e1n","url":"https:\/\/amatitlan.gob.gt\/2020\/","logo":{"@type":"ImageObject","inLanguage":"es","@id":"https:\/\/amatitlan.gob.gt\/2020\/#\/schema\/logo\/image\/","url":"https:\/\/amatitlan.gob.gt\/2020\/wp-content\/uploads\/2024\/01\/cropped-Logo-Muni-2024.png","contentUrl":"https:\/\/amatitlan.gob.gt\/2020\/wp-content\/uploads\/2024\/01\/cropped-Logo-Muni-2024.png","width":613,"height":343,"caption":"Municipalidad de Amatitl\u00e1n"},"image":{"@id":"https:\/\/amatitlan.gob.gt\/2020\/#\/schema\/logo\/image\/"}}]}},"amp_enabled":true,"_links":{"self":[{"href":"https:\/\/amatitlan.gob.gt\/2020\/wp-json\/wp\/v2\/pages\/1037","targetHints":{"allow":["GET"]}}],"collection":[{"href":"https:\/\/amatitlan.gob.gt\/2020\/wp-json\/wp\/v2\/pages"}],"about":[{"href":"https:\/\/amatitlan.gob.gt\/2020\/wp-json\/wp\/v2\/types\/page"}],"author":[{"embeddable":true,"href":"https:\/\/amatitlan.gob.gt\/2020\/wp-json\/wp\/v2\/users\/3"}],"replies":[{"embeddable":true,"href":"https:\/\/amatitlan.gob.gt\/2020\/wp-json\/wp\/v2\/comments?post=1037"}],"version-history":[{"count":8,"href":"https:\/\/amatitlan.gob.gt\/2020\/wp-json\/wp\/v2\/pages\/1037\/revisions"}],"predecessor-version":[{"id":5743,"href":"https:\/\/amatitlan.gob.gt\/2020\/wp-json\/wp\/v2\/pages\/1037\/revisions\/5743"}],"wp:attachment":[{"href":"https:\/\/amatitlan.gob.gt\/2020\/wp-json\/wp\/v2\/media?parent=1037"}],"curies":[{"name":"wp","href":"https:\/\/api.w.org\/{rel}","templated":true}]}}